{"id":653,"date":"2020-01-28T16:29:25","date_gmt":"2020-01-28T16:29:25","guid":{"rendered":"http:\/\/egat.is\/nuddvorur\/?post_type=product&#038;p=653"},"modified":"2026-04-09T15:18:48","modified_gmt":"2026-04-09T15:18:48","slug":"hitalampi","status":"publish","type":"product","link":"https:\/\/egat.is\/nuddvorur\/product\/hitalampi\/","title":{"rendered":"Infrarau\u00f0ur Hitalampi me\u00f0 250 w"},"content":{"rendered":"<h1 class=\"ma-title\" title=\"High Quality Infrared Therapy Tdp Lamp Acupuncture Infra-red Lamp\/tdp Mineral Lamp\/ Infrared Light For Pain Relief\" data-spm-anchor-id=\"a2700.details.maonnacta.i0.6464116fscggiE\">High Quality Infrared Therapy \/ Lamp Acupuncture Infra-red Lamp \/\u00a0 Mineral Lamp \/ Infrared Light For Pain Relief<\/h1>\n<div class=\"ma-tag-wrap\"><span id=\"detail-title-tags-below-title\" class=\"promotion-tags\">\u00a0<\/span><\/div>\n<p><small><big><big><big>\u00a0hitalampar me\u00f0 250 w perum <\/big><\/big><\/big><br \/>\n<big><big><big><big>Ver\u00f0:44.500<\/big><\/big><\/big><\/big><br \/>\n<big><big>\u00a0hv\u00edtir , h\u00e6gt a\u00f0 sn\u00faa haus \u00e1 alla kanta.<\/big><\/big><\/small><\/p>\n<div id=\"tw-target-text-container\" class=\"tw-ta-container tw-nfl\">\n<pre id=\"tw-target-text\" class=\"tw-data-text tw-text-large tw-ta\" dir=\"ltr\" data-placeholder=\"\u00de\u00fd\u00f0ing\"><span lang=\"is\" tabindex=\"0\">Hentugt vi\u00f0 :\r\nMj\u00fakvefja mei\u00f0slum, v\u00f6\u00f0va\u00e1lagi,spennu \u00ed v\u00f6\u00f0vum,sciatica, frosnum \u00f6xlum, \r\nikts\u00fdki (li\u00f0agikt), ni\u00f0urgangi barna\r\n\u00d6rvar og hra\u00f0ar efnaskiptum og styrkir \u00f3n\u00e6miskerfi\u00f0, eykur virkni \u00fdmissa ens\u00edma \u00ed l\u00edkamanum til a\u00f0 n\u00e1 \u00fev\u00ed markmi\u00f0i a\u00f0 gera vi\u00f0 og hreinsa \u00e6\u00f0arnar, \r\nb\u00e6ta bl\u00f3\u00f0r\u00e1sina og b\u00e6ta l\u00edkamlega heilsu. \u00c1rangursr\u00edk me\u00f0h\u00f6ndlun vi\u00f0 kvillum eins og langvarandi s\u00e1rum, li\u00f0verkir, li\u00f0agigt, bakverkjum, mei\u00f0slum og sumum h\u00fa\u00f0sj\u00fakd\u00f3mum eins og herpes og psoriasis o.fl. \r\n<\/span><\/pre>\n<\/div>\n<p><small><big><big><big>Good for soft tissue injury ,lumbar muscular strain, sciatica,frozen shoulder, rheumatoid arthritis, pediatric diarrhea and other deseases of adjuvant therapy<\/big><\/big><\/big><\/small><\/p>\n<p>contraindications active tuberculosis, high fever patients ,severe arteriosclerosis, bleeding disorders, bleeding with acture injuries<br \/>\n<small><big><br \/>\n<\/big><\/small><\/p>\n","protected":false},"excerpt":{"rendered":"<p>High Quality Infrared Therapy \/ Lamp Acupuncture Infra-red Lamp \/\u00a0 Mineral Lamp \/ Infrared Light For Pain Relief \u00a0 \u00a0hitalampar me\u00f0 250 w perum Ver\u00f0:44.500 \u00a0hv\u00edtir , h\u00e6gt a\u00f0 sn\u00faa haus \u00e1 alla kanta. Hentugt vi\u00f0 : Mj\u00fakvefja mei\u00f0slum, v\u00f6\u00f0va\u00e1lagi,spennu \u00ed v\u00f6\u00f0vum,sciatica, frosnum \u00f6xlum, ikts\u00fdki (li\u00f0agikt), ni\u00f0urgangi barna \u00d6rvar og hra\u00f0ar efnaskiptum og styrkir \u00f3n\u00e6miskerfi\u00f0, [&#8230;]\n","protected":false},"featured_media":617,"comment_status":"open","ping_status":"closed","template":"","meta":{"advanced_seo_description":"","jetpack_seo_html_title":"","jetpack_seo_noindex":false,"iawp_total_views":581,"jetpack_publicize_message":"","jetpack_publicize_feature_enabled":true,"jetpack_social_post_already_shared":false,"jetpack_social_options":{"image_generator_settings":{"template":"highway","default_image_id":0,"font":"","enabled":false},"version":2}},"product_brand":[],"product_cat":[75,231,154],"product_tag":[],"class_list":{"0":"post-653","1":"product","2":"type-product","3":"status-publish","4":"has-post-thumbnail","6":"product_cat-hitalampar","7":"product_cat-naudsynlegir-hlutir-fyrir-nuddarann","8":"product_cat-smahlutir-fyrir-nudd","10":"first","11":"instock","12":"shipping-taxable","13":"purchasable","14":"product-type-variable"},"jetpack_publicize_connections":[],"jetpack_sharing_enabled":true,"jetpack_likes_enabled":true,"jetpack-related-posts":[],"_links":{"self":[{"href":"https:\/\/egat.is\/nuddvorur\/wp-json\/wp\/v2\/product\/653","targetHints":{"allow":["GET"]}}],"collection":[{"href":"https:\/\/egat.is\/nuddvorur\/wp-json\/wp\/v2\/product"}],"about":[{"href":"https:\/\/egat.is\/nuddvorur\/wp-json\/wp\/v2\/types\/product"}],"replies":[{"embeddable":true,"href":"https:\/\/egat.is\/nuddvorur\/wp-json\/wp\/v2\/comments?post=653"}],"wp:featuredmedia":[{"embeddable":true,"href":"https:\/\/egat.is\/nuddvorur\/wp-json\/wp\/v2\/media\/617"}],"wp:attachment":[{"href":"https:\/\/egat.is\/nuddvorur\/wp-json\/wp\/v2\/media?parent=653"}],"wp:term":[{"taxonomy":"product_brand","embeddable":true,"href":"https:\/\/egat.is\/nuddvorur\/wp-json\/wp\/v2\/product_brand?post=653"},{"taxonomy":"product_cat","embeddable":true,"href":"https:\/\/egat.is\/nuddvorur\/wp-json\/wp\/v2\/product_cat?post=653"},{"taxonomy":"product_tag","embeddable":true,"href":"https:\/\/egat.is\/nuddvorur\/wp-json\/wp\/v2\/product_tag?post=653"}],"curies":[{"name":"wp","href":"https:\/\/api.w.org\/{rel}","templated":true}]}}