{"id":4564,"date":"2025-04-28T15:15:08","date_gmt":"2025-04-28T15:15:08","guid":{"rendered":"https:\/\/egat.is\/nuddvorur\/?post_type=product&#038;p=4564"},"modified":"2026-03-19T08:44:13","modified_gmt":"2026-03-19T08:44:13","slug":"cobeco-pharma-cbl-massage-oil-neutral-1000-ml-2","status":"publish","type":"product","link":"https:\/\/egat.is\/nuddvorur\/product\/cobeco-pharma-cbl-massage-oil-neutral-1000-ml-2\/","title":{"rendered":"COBECO PHARMA CBL Massage Oil Neutral 1000 ml"},"content":{"rendered":"","protected":false},"excerpt":{"rendered":"<p>CBL Body Massage Oil Neutral er masseolie sem er framleidd af CBL (Cosmetic Body Laboratories), og er h\u00f6nnu\u00f0 til a\u00f0 vera hlutlaus og ekki \u00f3h\u00e1\u00f0<\/p>\n<p>CBL Body Massage Oil Neutral er ol\u00eda sem er s\u00e9rstaklega h\u00f6nnu\u00f0 fyrir alla og hefur fj\u00f6lbreyttar \u00e1hrif \u00e1 h\u00fa\u00f0ina. H\u00fan er r\u00edkulega me\u00f0 n\u00e6ringarefnum sem hj\u00e1lpa til a\u00f0 gefa h\u00fa\u00f0inni n\u00e6ringu<\/p>\n<p>Eiginleikar:<\/p>\n<p>* Hlutlaus og \u00f3h\u00e1\u00f0<\/p>\n<p>* R\u00edkuleg me\u00f0 n\u00e6ringarefnum<\/p>\n<p>* Hj\u00e1lpar til a\u00f0 gefa h\u00fa\u00f0inni n\u00e6ringu<\/p>\n<p>* Hj\u00e1lpar til a\u00f0 draga \u00far spennu og styrkir\u00a0 v\u00f6\u00f0va<\/p>\n<p>* Hj\u00e1lpar til a\u00f0 draga \u00far \u00e1hrifum af streitu og \u00fereytu<\/p>\n<p>Samsetning:<\/p>\n<p>* Sweet Almond Oil (40%)<\/p>\n<p>* Grapeseed Oil (30%)<\/p>\n<p>* Jojoba Oil (20%)<\/p>\n<p>* Vitamin E (10%)<\/p>\n<p>CBL Body Massage Oil Neutral er hentug fyrir:<\/p>\n<p>* \u00ed\u00fer\u00f3ttir<\/p>\n<p>* Daglega notkun<\/p>\n<p>* \u00de\u00e1 sem eru vi\u00f0kv\u00e6mir fyrir lykt<\/p>\n<p>* \u00de\u00e1 sem leita a\u00f0 hlutlausri og \u00f3h\u00e1\u00f0ri \u00f3l\u00edu<\/p>\n<p>Almennt er CBL Body Massage Oil Neutral ein af \u00feeim bestu valm\u00f6guleikum fyrir \u00fe\u00e1 sem leita a\u00f0 hlutlausri og \u00f3h\u00e1\u00f0ri \u00f3l\u00edu fyrir massa og \u00ed\u00fer\u00f3ttir.<\/p>\n<div class=\"tyn-qa-controls flex-wrap gap-1 mt-4\"><\/div>\n","protected":false},"featured_media":4509,"comment_status":"closed","ping_status":"closed","template":"","meta":{"advanced_seo_description":"","jetpack_seo_html_title":"","jetpack_seo_noindex":false,"iawp_total_views":14,"jetpack_publicize_message":"","jetpack_publicize_feature_enabled":true,"jetpack_social_post_already_shared":true,"jetpack_social_options":{"image_generator_settings":{"template":"highway","default_image_id":0,"font":"","enabled":false},"version":2}},"product_brand":[],"product_cat":[18],"product_tag":[],"class_list":{"0":"post-4564","1":"product","2":"type-product","3":"status-publish","4":"has-post-thumbnail","6":"product_cat-uncategorized","8":"first","9":"outofstock","10":"sale","11":"shipping-taxable","12":"purchasable","13":"product-type-simple"},"jetpack_publicize_connections":[],"jetpack_sharing_enabled":true,"jetpack_likes_enabled":true,"jetpack-related-posts":[],"_links":{"self":[{"href":"https:\/\/egat.is\/nuddvorur\/wp-json\/wp\/v2\/product\/4564","targetHints":{"allow":["GET"]}}],"collection":[{"href":"https:\/\/egat.is\/nuddvorur\/wp-json\/wp\/v2\/product"}],"about":[{"href":"https:\/\/egat.is\/nuddvorur\/wp-json\/wp\/v2\/types\/product"}],"replies":[{"embeddable":true,"href":"https:\/\/egat.is\/nuddvorur\/wp-json\/wp\/v2\/comments?post=4564"}],"wp:featuredmedia":[{"embeddable":true,"href":"https:\/\/egat.is\/nuddvorur\/wp-json\/wp\/v2\/media\/4509"}],"wp:attachment":[{"href":"https:\/\/egat.is\/nuddvorur\/wp-json\/wp\/v2\/media?parent=4564"}],"wp:term":[{"taxonomy":"product_brand","embeddable":true,"href":"https:\/\/egat.is\/nuddvorur\/wp-json\/wp\/v2\/product_brand?post=4564"},{"taxonomy":"product_cat","embeddable":true,"href":"https:\/\/egat.is\/nuddvorur\/wp-json\/wp\/v2\/product_cat?post=4564"},{"taxonomy":"product_tag","embeddable":true,"href":"https:\/\/egat.is\/nuddvorur\/wp-json\/wp\/v2\/product_tag?post=4564"}],"curies":[{"name":"wp","href":"https:\/\/api.w.org\/{rel}","templated":true}]}}