{"id":418,"date":"2020-01-11T03:22:14","date_gmt":"2020-01-11T03:22:14","guid":{"rendered":"http:\/\/egat.is\/nuddvorur\/product\/import-placeholder-for-2624\/"},"modified":"2025-11-11T09:01:53","modified_gmt":"2025-11-11T09:01:53","slug":"stoll-med-baki","status":"publish","type":"product","link":"https:\/\/egat.is\/nuddvorur\/product\/stoll-med-baki\/","title":{"rendered":"Egat shang St\u00f3ll me\u00f0 baki"},"content":{"rendered":"<p><small><big><big><big>St\u00f3ll me\u00f0 baki<br \/>\nsvartir<br \/>\nVer\u00f0 36900<\/big><\/big><\/big><br \/>\n<big><big><big>Ol\u00edu og vatnshelt \u00e1kl\u00e6\u00f0i<\/big><\/big><\/big><\/small><\/p>\n<p><small><br \/>\n<\/small><small><big><big>Mikill kostur = fara upp \u00ed 73 cm sem e<\/big>r\u00a0<big>h\u00e1tt<\/big><\/big><\/small><\/p>\n","protected":false},"excerpt":{"rendered":"<p>&nbsp;<\/p>\n<p>Dynamic\u00a0Load: 250 kg\u00a0distributed\u00a0load<br \/>\nNet\u00a0Weight:\u00a017.6\u00a0lbs\u00a0\/8\u00a0kg<br \/>\nHeight\u00a0range:\u00a0Seat\u00a0height:\u00a020.8&#8243;\/53cm~28.<br \/>\n7&#8243;\/73cm<br \/>\nBackrest:\u00a033&#8243;\/84cm~41&#8243;\/104cm<br \/>\nPadding:\u00a04&#8243;\/10cm\u00a0Semi-firm\u00a0foam\u00a0system<br \/>\nfor\u00a0the\u00a0seat\u00a0pad<br \/>\n1.6&#8243;\/4cm\u00a0Semi-firm\u00a0foam\u00a0system<br \/>\nfor\u00a0the\u00a0backrest.<br \/>\nUpholstery:\u00a0Durable\u00a0PVC\u00a0vinyl\u00a0upholstering.<\/p>\n","protected":false},"featured_media":467,"comment_status":"closed","ping_status":"closed","template":"","meta":{"advanced_seo_description":"","jetpack_seo_html_title":"","jetpack_seo_noindex":false,"iawp_total_views":334,"jetpack_publicize_message":"","jetpack_publicize_feature_enabled":true,"jetpack_social_post_already_shared":false,"jetpack_social_options":{"image_generator_settings":{"template":"highway","default_image_id":0,"font":"","enabled":false},"version":2}},"product_brand":[],"product_cat":[154,85,155],"product_tag":[],"class_list":{"0":"post-418","1":"product","2":"type-product","3":"status-publish","4":"has-post-thumbnail","6":"product_cat-smahlutir-fyrir-nudd","7":"product_cat-hnakkastolar","8":"product_cat-vorur-a-tilbodi","10":"first","11":"instock","12":"sale","13":"shipping-taxable","14":"purchasable","15":"product-type-variable"},"jetpack_publicize_connections":[],"jetpack_sharing_enabled":true,"jetpack_likes_enabled":true,"jetpack-related-posts":[],"_links":{"self":[{"href":"https:\/\/egat.is\/nuddvorur\/wp-json\/wp\/v2\/product\/418","targetHints":{"allow":["GET"]}}],"collection":[{"href":"https:\/\/egat.is\/nuddvorur\/wp-json\/wp\/v2\/product"}],"about":[{"href":"https:\/\/egat.is\/nuddvorur\/wp-json\/wp\/v2\/types\/product"}],"replies":[{"embeddable":true,"href":"https:\/\/egat.is\/nuddvorur\/wp-json\/wp\/v2\/comments?post=418"}],"wp:featuredmedia":[{"embeddable":true,"href":"https:\/\/egat.is\/nuddvorur\/wp-json\/wp\/v2\/media\/467"}],"wp:attachment":[{"href":"https:\/\/egat.is\/nuddvorur\/wp-json\/wp\/v2\/media?parent=418"}],"wp:term":[{"taxonomy":"product_brand","embeddable":true,"href":"https:\/\/egat.is\/nuddvorur\/wp-json\/wp\/v2\/product_brand?post=418"},{"taxonomy":"product_cat","embeddable":true,"href":"https:\/\/egat.is\/nuddvorur\/wp-json\/wp\/v2\/product_cat?post=418"},{"taxonomy":"product_tag","embeddable":true,"href":"https:\/\/egat.is\/nuddvorur\/wp-json\/wp\/v2\/product_tag?post=418"}],"curies":[{"name":"wp","href":"https:\/\/api.w.org\/{rel}","templated":true}]}}