{"id":378,"date":"2020-01-11T03:21:51","date_gmt":"2020-01-11T03:21:51","guid":{"rendered":"http:\/\/egat.is\/nuddvorur\/product\/import-placeholder-for-624\/"},"modified":"2026-03-25T09:22:54","modified_gmt":"2026-03-25T09:22:54","slug":"egat-olettupudi","status":"publish","type":"product","link":"https:\/\/egat.is\/nuddvorur\/product\/egat-olettupudi\/","title":{"rendered":"Egat \u00d3l\u00e9ttup\u00fa\u00f0i"},"content":{"rendered":"<p>&nbsp;<\/p>\n<ul>\n<li>Ol\u00e9ttup\u00fa\u00f0i Fyrir \u00f3fr\u00edskar konur\u00a0 til a\u00f0 setja \u00e1 nuddbekk.<\/li>\n<li>Ver\u00f0: 44.000<span data-text-color=\"alert\" data-line-height=\"xl\"><em><strong><br \/>\n<\/strong><\/em><\/span><\/li>\n<li>Beige lita\u00f0 e\u00f0a svart<\/li>\n<li>The ultimate in comfort and luxury,\u00a0 Pregnant Cushion provides support whether your client is in a face-down or face-up position. The supple-cushions offer relief for stress and muscle tension. Whether you are performing massage, physical therapy, or ankle and pregnancy massage, your clients remain comfortable and fully-supported throughout.<\/li>\n<li>The Pregnant Cushion Package is the ideal cushioning system for feminie, any stage of pregnancy and anyone who can\u2019t lie comfortably on their stomach<\/li>\n<\/ul>\n","protected":false},"excerpt":{"rendered":"<p>1.Decompresses the Spine<br \/>\n2.Provides Comprehensive Positional Release<br \/>\n3.Allows Deep Breathing<br \/>\n4.Improves Hemodynamics (circulation, blood-flow)<br \/>\n5.Speeds Recovery<br \/>\n6.Reduces Tension ,Pain<br \/>\n7.Improves Outcomes<\/p>\n","protected":false},"featured_media":1681,"comment_status":"open","ping_status":"closed","template":"","meta":{"advanced_seo_description":"","jetpack_seo_html_title":"","jetpack_seo_noindex":false,"iawp_total_views":409,"jetpack_publicize_message":"","jetpack_publicize_feature_enabled":true,"jetpack_social_post_already_shared":false,"jetpack_social_options":{"image_generator_settings":{"template":"highway","default_image_id":0,"font":"","enabled":false},"version":2}},"product_brand":[],"product_cat":[241,101,100,79,80,154],"product_tag":[],"class_list":{"0":"post-378","1":"product","2":"type-product","3":"status-publish","4":"has-post-thumbnail","6":"product_cat-aukahlutir-a-nuddbekk","7":"product_cat-aukahlutir","8":"product_cat-nuddvorur","9":"product_cat-olettunuddbekkir","10":"product_cat-olettupudasett","11":"product_cat-smahlutir-fyrir-nudd","13":"first","14":"instock","15":"sale","16":"shipping-taxable","17":"purchasable","18":"product-type-variable"},"jetpack_publicize_connections":[],"jetpack_sharing_enabled":true,"jetpack_likes_enabled":true,"jetpack-related-posts":[],"_links":{"self":[{"href":"https:\/\/egat.is\/nuddvorur\/wp-json\/wp\/v2\/product\/378","targetHints":{"allow":["GET"]}}],"collection":[{"href":"https:\/\/egat.is\/nuddvorur\/wp-json\/wp\/v2\/product"}],"about":[{"href":"https:\/\/egat.is\/nuddvorur\/wp-json\/wp\/v2\/types\/product"}],"replies":[{"embeddable":true,"href":"https:\/\/egat.is\/nuddvorur\/wp-json\/wp\/v2\/comments?post=378"}],"wp:featuredmedia":[{"embeddable":true,"href":"https:\/\/egat.is\/nuddvorur\/wp-json\/wp\/v2\/media\/1681"}],"wp:attachment":[{"href":"https:\/\/egat.is\/nuddvorur\/wp-json\/wp\/v2\/media?parent=378"}],"wp:term":[{"taxonomy":"product_brand","embeddable":true,"href":"https:\/\/egat.is\/nuddvorur\/wp-json\/wp\/v2\/product_brand?post=378"},{"taxonomy":"product_cat","embeddable":true,"href":"https:\/\/egat.is\/nuddvorur\/wp-json\/wp\/v2\/product_cat?post=378"},{"taxonomy":"product_tag","embeddable":true,"href":"https:\/\/egat.is\/nuddvorur\/wp-json\/wp\/v2\/product_tag?post=378"}],"curies":[{"name":"wp","href":"https:\/\/api.w.org\/{rel}","templated":true}]}}