{"id":3291,"date":"2023-10-10T11:38:25","date_gmt":"2023-10-10T11:38:25","guid":{"rendered":"https:\/\/egat.is\/nuddvorur\/?post_type=product&#038;p=3291"},"modified":"2023-11-21T15:21:04","modified_gmt":"2023-11-21T15:21:04","slug":"3291","status":"publish","type":"product","link":"https:\/\/egat.is\/nuddvorur\/product\/3291\/","title":{"rendered":"Naked"},"content":{"rendered":"<ul>\n<li class=\"_2knBS undefined\" data-hook=\"collapse-info-item\">\n<div class=\"rah-static rah-static--height-auto\" aria-hidden=\"false\">\n<div>\n<div class=\"_1yvxJ fggS- cell\">\n<div class=\"WncCi\" data-hook=\"info-section-description\">\n<p>For those who want a sensual massage without any fragrance, this all natural oil leaves the skin silk soft. Perfect for sensitive skin. Non-greasy and will not stain the sheets.<\/p>\n<\/div>\n<\/div>\n<\/div>\n<\/div>\n<\/li>\n<li class=\"_2knBS undefined\" data-hook=\"collapse-info-item\"><\/li>\n<\/ul>\n<div class=\"rah-static rah-static--height-auto\" aria-hidden=\"false\">\n<div>\n<div class=\"_1yvxJ fggS- cell\">\n<div class=\"WncCi\" data-hook=\"info-section-description\">\n<p>Prunus Amygdalus Dulcis (Sweet Almond) Oil, Helianthus Annuus (Sunflower) Seed Oil, Cocos Nucifera (Coconut Oil), Aroma, Tocopheryl Acetate (Vitamin E), (*Lycium Barbarum (Goji) Fruit, *Cymbopogon Schoenanthus, *Aloe Barbadensis Leaf)<\/p>\n<p>&nbsp;<\/p>\n<p>*ORGANIC<\/p>\n<\/div>\n<\/div>\n<\/div>\n<\/div>\n","protected":false},"excerpt":{"rendered":"<p><span class=\"HwtZe\" lang=\"is\"><span class=\"jCAhz ChMk0b\"><span class=\"ryNqvb\">Fyrir \u00fe\u00e1 sem vilja andlegt nudd \u00e1n ilms, \u00fe\u00e1 gerir \u00feessi n\u00e1tt\u00farulega ol\u00eda h\u00fa\u00f0ina silkimj\u00faka.<\/span><\/span> <span class=\"jCAhz ChMk0b\"><span class=\"ryNqvb\">Fullkomi\u00f0 fyrir vi\u00f0kv\u00e6ma h\u00fa\u00f0.<\/span><\/span> <span class=\"jCAhz ChMk0b\"><span class=\"ryNqvb\">skilur ekki eftir bletti \u00ed laki<\/span><\/span> <span class=\"jCAhz ChMk0b\"><span class=\"ryNqvb\">Prunus Amygdalus Dulcis (s\u00e6tur m\u00f6ndlu) ol\u00eda, Helianthus Annuus (s\u00f3lbl\u00f3maol\u00eda) fr\u00e6ol\u00eda, Cocos Nucifera (k\u00f3kosol\u00eda), ilm, Tocopheryl asetat (E-v\u00edtam\u00edn), (*Lycium Barbarum (Goji) \u00e1vextir, *Cymbopogon Schoenanthus, *A Leafloe Barbadensis<\/span><\/span> <span class=\"jCAhz ChMk0b\"><span class=\"ryNqvb\">)<\/span><\/span> <span class=\"jCAhz ChMk0b\"><span class=\"ryNqvb\">*L\u00cdFFR\u00c6NT<\/span><\/span><\/span><\/p>\n","protected":false},"featured_media":3285,"comment_status":"closed","ping_status":"closed","template":"","meta":{"advanced_seo_description":"","jetpack_seo_html_title":"","jetpack_seo_noindex":false,"iawp_total_views":63,"jetpack_publicize_message":"","jetpack_publicize_feature_enabled":true,"jetpack_social_post_already_shared":true,"jetpack_social_options":{"image_generator_settings":{"template":"highway","default_image_id":0,"font":"","enabled":false},"version":2}},"product_brand":[],"product_cat":[72,115,154,116],"product_tag":[],"class_list":{"0":"post-3291","1":"product","2":"type-product","3":"status-publish","4":"has-post-thumbnail","6":"product_cat-nuddoliur","7":"product_cat-nyjar-vorur","8":"product_cat-smahlutir-fyrir-nudd","9":"product_cat-smavara","11":"first","12":"instock","13":"sale","14":"shipping-taxable","15":"purchasable","16":"product-type-simple"},"jetpack_publicize_connections":[],"jetpack_sharing_enabled":true,"jetpack_likes_enabled":true,"jetpack-related-posts":[],"_links":{"self":[{"href":"https:\/\/egat.is\/nuddvorur\/wp-json\/wp\/v2\/product\/3291","targetHints":{"allow":["GET"]}}],"collection":[{"href":"https:\/\/egat.is\/nuddvorur\/wp-json\/wp\/v2\/product"}],"about":[{"href":"https:\/\/egat.is\/nuddvorur\/wp-json\/wp\/v2\/types\/product"}],"replies":[{"embeddable":true,"href":"https:\/\/egat.is\/nuddvorur\/wp-json\/wp\/v2\/comments?post=3291"}],"wp:featuredmedia":[{"embeddable":true,"href":"https:\/\/egat.is\/nuddvorur\/wp-json\/wp\/v2\/media\/3285"}],"wp:attachment":[{"href":"https:\/\/egat.is\/nuddvorur\/wp-json\/wp\/v2\/media?parent=3291"}],"wp:term":[{"taxonomy":"product_brand","embeddable":true,"href":"https:\/\/egat.is\/nuddvorur\/wp-json\/wp\/v2\/product_brand?post=3291"},{"taxonomy":"product_cat","embeddable":true,"href":"https:\/\/egat.is\/nuddvorur\/wp-json\/wp\/v2\/product_cat?post=3291"},{"taxonomy":"product_tag","embeddable":true,"href":"https:\/\/egat.is\/nuddvorur\/wp-json\/wp\/v2\/product_tag?post=3291"}],"curies":[{"name":"wp","href":"https:\/\/api.w.org\/{rel}","templated":true}]}}