{"id":319,"date":"2020-01-11T03:21:16","date_gmt":"2020-01-11T03:21:16","guid":{"rendered":"http:\/\/egat.is\/nuddvorur\/product\/import-placeholder-for-561\/"},"modified":"2025-07-22T14:46:31","modified_gmt":"2025-07-22T14:46:31","slug":"nuddsaeti","status":"publish","type":"product","link":"https:\/\/egat.is\/nuddvorur\/product\/nuddsaeti\/","title":{"rendered":"Nudds\u00e6ti"},"content":{"rendered":"<p>Nudds\u00e6ti \u00a0me\u00f0 m\u00f6rgum stillingum &#8211; Fer dj\u00fapt inn \u00ed bak og her\u00f0ar.<br \/>\nVer\u00f0 44.900 Langbesta t\u00e6ki\u00f0 \u00e1 marka\u00f0inum\u00a0 finnst m\u00e9r = engin vettlingat\u00f6k<\/p>\n<p align=\"left\"><span data-spm-anchor-id=\"a2700.details.pronpeci14.i0.fd0675a6M7mRAm\">1. Infrared warm function<\/span><\/p>\n<p align=\"left\">2. Four massage heads for neck kneading massage<\/p>\n<p align=\"left\">3. Vehicles and the use of either family (with car cigarette lighter, home adapter)<\/p>\n<p align=\"left\">4. 12 massage heads for waist, back shiatsu massage<\/p>\n<p align=\"left\">5. Vibrating massage for buttocks<\/p>\n<p align=\"left\"><span data-spm-anchor-id=\"a2700.details.pronpeci14.i1.fd0675a6M7mRAm\">6. Means the arcupressure and kneading techniques, can reduce fatigue, happy and extremely lightweight<\/span><\/p>\n<p align=\"left\">7. Can be use with sofa and chair both home and car<\/p>\n<p align=\"left\"><big><big>\u00deessi nudds\u00e6ti fara dj\u00fapt inn \u00ed v\u00f6\u00f0vana og eru \u00e1 vi\u00f0 besta nuddara og eru flj\u00f3t a\u00f0 borga sig <\/big><\/big><small><small><br \/>\n<\/small><br \/>\n<big><big><big>og \u00fe\u00fa getur fari\u00f0 \u00ed nudd \u00feegar \u00fe\u00e9r hentar \ud83d\ude42<\/big><\/big><\/big><br \/>\n<\/small><\/p>\n<div style=\"width: 368px;\" class=\"wp-video\"><video class=\"wp-video-shortcode\" id=\"video-319-1\" width=\"368\" height=\"656\" preload=\"metadata\" controls=\"controls\"><source type=\"video\/mp4\" src=\"https:\/\/egat.is\/nuddvorur\/wp-content\/uploads\/2020\/01\/nuddsaeti-myndband.mp4?_=1\" \/><a href=\"https:\/\/egat.is\/nuddvorur\/wp-content\/uploads\/2020\/01\/nuddsaeti-myndband.mp4\">https:\/\/egat.is\/nuddvorur\/wp-content\/uploads\/2020\/01\/nuddsaeti-myndband.mp4<\/a><\/video><\/div>\n","protected":false},"excerpt":{"rendered":"<p>Nudds\u00e6ti \u00a0me\u00f0 m\u00f6rgum stillingum &#8211; Fer dj\u00fapt inn \u00ed bak og her\u00f0ar. Ver\u00f0 44.900 Langbesta t\u00e6ki\u00f0 \u00e1 marka\u00f0inum\u00a0 finnst m\u00e9r = engin vettlingat\u00f6k 1. Infrared warm function 2. Four massage heads for neck kneading massage 3. Vehicles and the use of either family (with car cigarette lighter, home adapter) 4. 12 massage heads for waist, [&#8230;]\n","protected":false},"featured_media":351,"comment_status":"open","ping_status":"closed","template":"","meta":{"advanced_seo_description":"","jetpack_seo_html_title":"","jetpack_seo_noindex":false,"iawp_total_views":133,"jetpack_publicize_message":"","jetpack_publicize_feature_enabled":true,"jetpack_social_post_already_shared":true,"jetpack_social_options":{"image_generator_settings":{"template":"highway","default_image_id":0,"font":"","enabled":false},"version":2}},"product_brand":[],"product_cat":[90],"product_tag":[],"class_list":{"0":"post-319","1":"product","2":"type-product","3":"status-publish","4":"has-post-thumbnail","6":"product_cat-nuddsaeti","8":"first","9":"outofstock","10":"shipping-taxable","11":"purchasable","12":"product-type-simple"},"jetpack_publicize_connections":[],"jetpack_sharing_enabled":true,"jetpack_likes_enabled":true,"jetpack-related-posts":[],"_links":{"self":[{"href":"https:\/\/egat.is\/nuddvorur\/wp-json\/wp\/v2\/product\/319","targetHints":{"allow":["GET"]}}],"collection":[{"href":"https:\/\/egat.is\/nuddvorur\/wp-json\/wp\/v2\/product"}],"about":[{"href":"https:\/\/egat.is\/nuddvorur\/wp-json\/wp\/v2\/types\/product"}],"replies":[{"embeddable":true,"href":"https:\/\/egat.is\/nuddvorur\/wp-json\/wp\/v2\/comments?post=319"}],"wp:featuredmedia":[{"embeddable":true,"href":"https:\/\/egat.is\/nuddvorur\/wp-json\/wp\/v2\/media\/351"}],"wp:attachment":[{"href":"https:\/\/egat.is\/nuddvorur\/wp-json\/wp\/v2\/media?parent=319"}],"wp:term":[{"taxonomy":"product_brand","embeddable":true,"href":"https:\/\/egat.is\/nuddvorur\/wp-json\/wp\/v2\/product_brand?post=319"},{"taxonomy":"product_cat","embeddable":true,"href":"https:\/\/egat.is\/nuddvorur\/wp-json\/wp\/v2\/product_cat?post=319"},{"taxonomy":"product_tag","embeddable":true,"href":"https:\/\/egat.is\/nuddvorur\/wp-json\/wp\/v2\/product_tag?post=319"}],"curies":[{"name":"wp","href":"https:\/\/api.w.org\/{rel}","templated":true}]}}