{"id":1657,"date":"2021-06-15T14:12:31","date_gmt":"2021-06-15T14:12:31","guid":{"rendered":"https:\/\/egat.is\/nuddvorur\/?post_type=product&#038;p=1657"},"modified":"2026-04-10T16:08:42","modified_gmt":"2026-04-10T16:08:42","slug":"nuddbyssa-smavaxin","status":"publish","type":"product","link":"https:\/\/egat.is\/nuddvorur\/product\/nuddbyssa-smavaxin\/","title":{"rendered":"Nuddbyssa (sm\u00e1vaxin) General"},"content":{"rendered":"<div>L\u00edtil Nuddbyssa sem au\u00f0velt er a\u00f0 fer\u00f0ast me\u00f0 , sj\u00e1 n\u00e1nar st\u00e6r\u00f0 og uppl\u00fdsingar \u00e1 myndum<\/div>\n<div><span style=\"color: #333399;\">General Massage Gun.\u00a0<\/span><\/div>\n<div><span style=\"color: #333399;\">The\u00a0latest\u00a0General\u00a0Massage\u00a0Gun\u00a0has\u00a0Six\u00a0Level\u00a0Vibration\u00a0for\u00a0different\u00a0senses,\u00a0deep\u00a0tissue\u00a0massage\u00a0will\u00a0help\u00a0reduce\u00a0fatigue!<\/span><\/div>\n<div>\n<div id=\"tw-target-text-container\" class=\"tw-ta-container F0azHf tw-nfl\" tabindex=\"0\">\n<pre id=\"tw-target-text\" class=\"tw-data-text tw-text-large tw-ta\" dir=\"ltr\" data-placeholder=\"\u00de\u00fd\u00f0ing\"><span class=\"Y2IQFc\" lang=\"is\">Margir nuddarar telja a\u00f0 a\u00f0eins eigi a\u00f0 nota hendur \u00feeirra me\u00f0an \u00e1 nuddt\u00edma stendur. Hvers vegna, \u00feegar svo m\u00f6rg verkf\u00e6ri geta haft \u00e1hrif\r\n\u00e1vinning fyrir skj\u00f3lst\u00e6\u00f0inga og einnig draga \u00far verkjum nuddarans sj\u00e1lfs? Eitt sl\u00edkt verkf\u00e6ri er nuddbyssan, \r\nt\u00e6ki sem h\u00e6gt er a\u00f0 nota fyrir punkta me\u00f0fer\u00f0ir og er s\u00e9rstaklega \u00e1hrifar\u00edkt fyrir d\u00fdpri vinnu.\r\nNUDDBYSSA GETUR GOTT Dj\u00fapt nudd\r\nNuddarar  nota nuddbyssu\r\nfyrir punktame\u00f0fer\u00f0ir, \u00e1 vef sem \u00fearf eitthva\u00f0 aukalega. \r\nnota\u00f0u \u00feau til d\u00fdpri vinnu og \u00feau eru mj\u00f6g \u00e1hrifar\u00edk\r\n\u00feegar einhver er mj\u00f6g fastur, me\u00f0 mikla v\u00f6\u00f0vaspennu, \u00fea\u00f0 kemur \r\ndj\u00fapur titringur og \u00fea\u00f0 er gagnlegt a\u00f0 geta komist \u00fear inn og\r\nlosa\u00f0u \u00feennan dj\u00fapa, spennta v\u00f6\u00f0va.\" \u00deessi dj\u00fapu, slagverkandi \u00e1hrif\r\ner n\u00e1\u00f0 vegna h\u00f6nnunar nuddbyssunnar: Eins og sm\u00e1\r\njackhammer, sem skilar titringi mj\u00f6g hratt.\r\nVi\u00f0skiptavinir ELSKA NUDDBYSSU\r\nNuddbyssa er slagverkshlj\u00f3\u00f0f\u00e6ri, sem \u00fe\u00fd\u00f0ir a\u00f0 h\u00fan framlei\u00f0ir\r\ntitring inn \u00ed l\u00edkamann. \u00deessi titringur getur hj\u00e1lpa\u00f0 til vi\u00f0 a\u00f0 brj\u00f3ta upp vi\u00f0lo\u00f0un\r\nog vi\u00f0komandi l\u00ed\u00f0ur einfaldlega fr\u00e1b\u00e6rlega. Fyrir vi\u00f0skiptavininn sem er kannski ekki\r\nfullkomlega \u00e1n\u00e6g\u00f0ur me\u00f0 hendur eing\u00f6ngu, \u00fe\u00e1 er gott a\u00f0 hafa til d\u00e6mis nuddbyssu sem \r\nveitir dj\u00fapa me\u00f0fer\u00f0, \r\nVi\u00f0skiptavinurinn mun f\u00e1 svo miklu meira \u00fat \u00far hverri me\u00f0fer\u00f0 [\u00feegar\r\nnuddbyssa er notu\u00f0, Vi\u00f0 vitum \u00ed gegn\r\nv\u00edsindaranns\u00f3knir \u00e1 a\u00f0 slagverksme\u00f0fer\u00f0 veitir lengri-\r\nvaranleg, d\u00fdpri me\u00f0fer\u00f0 en handvirk me\u00f0fer\u00f0 ein.\u201c<\/span><\/pre>\n<\/div>\n<div id=\"tw-target-rmn-container\" class=\"tw-target-rmn tw-ta-container F0azHf tw-nfl\">\n<pre id=\"tw-target-rmn\" class=\"tw-data-placeholder tw-text-small tw-ta\" dir=\"ltr\" data-placeholder=\"\"><\/pre>\n<\/div>\n<\/div>\n<div>\n<div id=\"tw-target-text-container\" class=\"tw-ta-container F0azHf tw-nfl\" tabindex=\"0\">\n<pre id=\"tw-target-text\" class=\"tw-data-text tw-text-large tw-ta\" dir=\"ltr\" data-placeholder=\"\u00de\u00fd\u00f0ing\"><span class=\"Y2IQFc\" lang=\"is\">GETUR BJAR\u00d0A\u00d0 h\u00f6ndunum \u00fe\u00ednum.\r\nNotkun nuddbyssu dregur \u00far streitu \u00e1 nuddinu og \u00e1lagi \u00e1 \r\nl\u00edkama me\u00f0fer\u00f0ara\u00f0ila, s\u00e9rstaklega \u00feegar skj\u00f3lst\u00e6\u00f0ingar bi\u00f0ja \u00feig um a\u00f0 fara d\u00fdpra.\r\n\u201e\u00c9g hef veri\u00f0 me\u00f0fer\u00f0ara\u00f0ili \u00ed r\u00fam 30 \u00e1r og \u00feetta er g\u00f3\u00f0\r\nlei\u00f0 til a\u00f0 bjarga h\u00f6ndum \u00fe\u00ednum  \u201e\u00deetta er fr\u00e1b\u00e6r lei\u00f0 til a\u00f0 spara streitu og \u00e1lagi \u00e1 \r\n\u00feinn eigin l\u00edkama.\" Nuddarinn getur vali\u00f0 hvar,\r\nog hversu lengi \u00e1 a\u00f0 nota nuddbyssuna. \u201e\u00dea\u00f0 eru margar\r\nstillingar og mismunandi hra\u00f0i.\u201c\r\n\u201eByssan kemst \u00e1 eitt sv\u00e6\u00f0i \u00e1 10 m\u00edn\u00fatum \u00e1 m\u00f3ti 30 m\u00edn\u00fatum\r\naf me\u00f0fer\u00f0.\" Nuddt\u00e6ki\u00f0\r\ner me\u00f0 l\u00e9ttri, og fallegri h\u00f6nnun \u2014 gagnlegt fyrir\r\nnuddari \u00e1 sta\u00f0num. \u201eA\u00f0 vera\r\nnuddari er  l\u00edkamlega krefjandi. Me\u00f0 \u00fev\u00ed einfaldlega\r\ninnlima slagverksme\u00f0fer\u00f0 \u00ed gegnum nuddi\u00f0 eykur \u00fe\u00fa l\u00edkurnar \u00e1 a\u00f0 starfa mun lengur \r\n\u00e1 \u00feessu svi\u00f0i og gerir \u00fe\u00e9r\r\nkleift a\u00f0 vera mun skilvirkari fyrir vi\u00f0skiptavini \u00fe\u00edna.<\/span><\/pre>\n<\/div>\n<div id=\"tw-target-rmn-container\" class=\"tw-target-rmn tw-ta-container F0azHf tw-nfl\">\n<pre id=\"tw-target-rmn\" class=\"tw-data-placeholder tw-text-small tw-ta\" dir=\"ltr\" data-placeholder=\"\"><\/pre>\n<\/div>\n<\/div>\n","protected":false},"excerpt":{"rendered":"<div style=\"width: 1020px;\" class=\"wp-video\"><video class=\"wp-video-shortcode\" id=\"video-1657-1\" width=\"1020\" height=\"574\" preload=\"metadata\" controls=\"controls\"><source type=\"video\/mp4\" src=\"https:\/\/egat.is\/nuddvorur\/wp-content\/uploads\/2021\/06\/134-Genaral-massage-gun_\u538b\u7f29.mp4?_=1\" \/><a href=\"https:\/\/egat.is\/nuddvorur\/wp-content\/uploads\/2021\/06\/134-Genaral-massage-gun_\u538b\u7f29.mp4\">https:\/\/egat.is\/nuddvorur\/wp-content\/uploads\/2021\/06\/134-Genaral-massage-gun_\u538b\u7f29.mp4<\/a><\/video><\/div>\n<p>&nbsp;<\/p>\n<p><span id=\"page935R_mcid2385\" class=\"markedContent\"><span dir=\"ltr\" role=\"presentation\">Many massage therapists believe that only their hands should be used during a massage session. Why, when so many tools can effect<\/span><\/span><span id=\"page935R_mcid2386\" class=\"markedContent\"><br role=\"presentation\" \/><span dir=\"ltr\" role=\"presentation\">benefits for clients and also alleviate the therapist\u2019s own work-related pain? One such tool is the massage gun, a handheld percussive<\/span><\/span><span id=\"page935R_mcid2387\" class=\"markedContent\"><br role=\"presentation\" \/><span dir=\"ltr\" role=\"presentation\">instrument that can be used for spot treatments and is especially effective for deeper work.<\/span><\/span><span id=\"page935R_mcid2388\" class=\"markedContent\"><br role=\"presentation\" \/><span dir=\"ltr\" role=\"presentation\">A MASSAGE GUN CAN GO DEEP<\/span><\/span><span id=\"page935R_mcid2389\" class=\"markedContent\"><br role=\"presentation\" \/><span dir=\"ltr\" role=\"presentation\">Massage therapists we spoke to say they use a massage gun<\/span><\/span><span id=\"page935R_mcid2390\" class=\"markedContent\"><br role=\"presentation\" \/><span dir=\"ltr\" role=\"presentation\">for spot treatments, on tissue that needs something extra. \u201cI<\/span><\/span><span id=\"page935R_mcid2391\" class=\"markedContent\"><br role=\"presentation\" \/><span dir=\"ltr\" role=\"presentation\">use them only for deeper work and they are very effective<\/span><\/span><span id=\"page935R_mcid2392\" class=\"markedContent\"><br role=\"presentation\" \/><span dir=\"ltr\" role=\"presentation\">when someone is extremely tight, like they have a muscle<\/span><\/span><span id=\"page935R_mcid2393\" class=\"markedContent\"><br role=\"presentation\" \/><span dir=\"ltr\" role=\"presentation\">contracture that\u2019s really tense,<\/span><\/span><span id=\"page935R_mcid2394\" class=\"markedContent\"><span dir=\"ltr\" role=\"presentation\">, it\u2019s almost<\/span><\/span><span id=\"page935R_mcid2395\" class=\"markedContent\"><br role=\"presentation\" \/><span dir=\"ltr\" role=\"presentation\">a deep vibration and it\u2019s helpful to be able to get in there and<\/span><\/span><span id=\"page935R_mcid2396\" class=\"markedContent\"><br role=\"presentation\" \/><span dir=\"ltr\" role=\"presentation\">release that deep, tense muscle.\u201d This deep, percussive effect<\/span><\/span><span id=\"page935R_mcid2397\" class=\"markedContent\"><br role=\"presentation\" \/><span dir=\"ltr\" role=\"presentation\">is achieved because of massage guns\u2019 design: Like a little<\/span><\/span><span id=\"page935R_mcid2398\" class=\"markedContent\"><br role=\"presentation\" \/><span dir=\"ltr\" role=\"presentation\">jackhammer, it delivers bursts of vibration very rapidly.<\/span><\/span><span id=\"page935R_mcid2399\" class=\"markedContent\"><br role=\"presentation\" \/><span dir=\"ltr\" role=\"presentation\">CLIENTS LOVE MASSAGE GUNS<\/span><\/span><span id=\"page935R_mcid2400\" class=\"markedContent\"><br role=\"presentation\" \/><span dir=\"ltr\" role=\"presentation\">A massage gun is a percussive instrument, meaning it puts<\/span><\/span><span id=\"page935R_mcid2401\" class=\"markedContent\"><br role=\"presentation\" \/><span dir=\"ltr\" role=\"presentation\">vibration into the body. This vibration can help break up adhesions<\/span><\/span><span id=\"page935R_mcid2402\" class=\"markedContent\"><br role=\"presentation\" \/><span dir=\"ltr\" role=\"presentation\">and simply feels great. For the bariatric client who may not be<\/span><\/span><span id=\"page935R_mcid2403\" class=\"markedContent\"><br role=\"presentation\" \/><span dir=\"ltr\" role=\"presentation\">entirely satisfied with hands only, for example, a massage gun<\/span><\/span><span id=\"page935R_mcid2404\" class=\"markedContent\"><br role=\"presentation\" \/><span dir=\"ltr\" role=\"presentation\">provides deep therapy,<\/span><\/span><span id=\"page935R_mcid2405\" class=\"markedContent\"><span dir=\"ltr\" role=\"presentation\"> Plus, massage guns generally don\u2019t plug in\u2014they use a<\/span><\/span><span id=\"page935R_mcid2406\" class=\"markedContent\"><br role=\"presentation\" \/><span dir=\"ltr\" role=\"presentation\">rechargeable battery\u2014so a cord won\u2019t drag on the client. \u201cThe<\/span><\/span><span id=\"page935R_mcid2407\" class=\"markedContent\"><br role=\"presentation\" \/><span dir=\"ltr\" role=\"presentation\">customers really like it, they say good things about it,<\/span><\/span><span id=\"page935R_mcid2408\" class=\"markedContent\"><br role=\"presentation\" \/><span dir=\"ltr\" role=\"presentation\">The client will get so much more out of each treatment [when<\/span><\/span><span id=\"page935R_mcid2409\" class=\"markedContent\"><br role=\"presentation\" \/><span dir=\"ltr\" role=\"presentation\">a massage gun is used], <\/span><\/span><span id=\"page935R_mcid2410\" class=\"markedContent\"><span dir=\"ltr\" role=\"presentation\">We know through<\/span><\/span><span id=\"page935R_mcid2411\" class=\"markedContent\"><br role=\"presentation\" \/><span dir=\"ltr\" role=\"presentation\">scientific research that percussive therapy provides a longer-<\/span><\/span><span id=\"page935R_mcid2412\" class=\"markedContent\"><br role=\"presentation\" \/><span dir=\"ltr\" role=\"presentation\">lasting, deeper treatment than manual therapy alone.\u201d<\/span><\/span><span id=\"page935R_mcid2413\" class=\"markedContent\"><\/span><span class=\"markedContent\"><br role=\"presentation\" \/><\/span><span class=\"markedContent\"><span dir=\"ltr\" role=\"presentation\"><br \/>\n<\/span><\/span><\/p>\n<div class=\"canvasWrapper\"><\/div>\n<p><span id=\"page941R_mcid2414\" class=\"markedContent\"><\/span><span id=\"page941R_mcid2415\" class=\"markedContent\"><\/span><span id=\"page941R_mcid2416\" class=\"markedContent\"><span dir=\"ltr\" role=\"presentation\">A MASSAGE GUN PROVIDES SELF-CARE<\/span><\/span><span id=\"page941R_mcid2417\" class=\"markedContent\"><br role=\"presentation\" \/><span dir=\"ltr\" role=\"presentation\">Do you ever experience pain or tightness<\/span><\/span><span id=\"page941R_mcid2418\" class=\"markedContent\"><br role=\"presentation\" \/><span dir=\"ltr\" role=\"presentation\">in your own body? Have you developed<\/span><\/span><span id=\"page941R_mcid2419\" class=\"markedContent\"><br role=\"presentation\" \/><span dir=\"ltr\" role=\"presentation\">trigger points in your shoulders, arms or<\/span><\/span><span id=\"page941R_mcid2420\" class=\"markedContent\"><br role=\"presentation\" \/><span dir=\"ltr\" role=\"presentation\">back? Do your hands or forearms some<\/span><\/span><span id=\"page941R_mcid2421\" class=\"markedContent\"><span dir=\"ltr\" role=\"presentation\">&#8211;<\/span><\/span><span id=\"page941R_mcid2422\" class=\"markedContent\"><br role=\"presentation\" \/><span dir=\"ltr\" role=\"presentation\">times hurt? A massage gun can address<\/span><\/span><span id=\"page941R_mcid2423\" class=\"markedContent\"><br role=\"presentation\" \/><span dir=\"ltr\" role=\"presentation\">all such complaints. With multiple settings,<\/span><\/span><span id=\"page941R_mcid2424\" class=\"markedContent\"><br role=\"presentation\" \/><span dir=\"ltr\" role=\"presentation\">a massage gun can be customized for<\/span><\/span><span id=\"page941R_mcid2425\" class=\"markedContent\"><br role=\"presentation\" \/><span dir=\"ltr\" role=\"presentation\">your desired level of depth and vibration.<\/span><\/span><span id=\"page941R_mcid2426\" class=\"markedContent\"><br role=\"presentation\" \/><span dir=\"ltr\" role=\"presentation\">It can reach any area of your body and<\/span><\/span><span id=\"page941R_mcid2427\" class=\"markedContent\"><br role=\"presentation\" \/><span dir=\"ltr\" role=\"presentation\">provide pain relief when you are between<\/span><\/span><span id=\"page941R_mcid2428\" class=\"markedContent\"><br role=\"presentation\" \/><span dir=\"ltr\" role=\"presentation\">receiving massage sessions. Massage<\/span><\/span><span id=\"page941R_mcid2429\" class=\"markedContent\"><br role=\"presentation\" \/><span dir=\"ltr\" role=\"presentation\">guns come in various weights with various<\/span><\/span><span id=\"page941R_mcid2430\" class=\"markedContent\"><br role=\"presentation\" \/><span dir=\"ltr\" role=\"presentation\">settings. <\/span><\/span><span id=\"page941R_mcid2435\" class=\"markedContent\"><br role=\"presentation\" \/><\/span><span id=\"page941R_mcid2439\" class=\"markedContent\"><br role=\"presentation\" \/><span dir=\"ltr\" role=\"presentation\">A MASSAGE GUN CAN SAVE YOUR HANDS<\/span><\/span><span id=\"page941R_mcid2440\" class=\"markedContent\"><br role=\"presentation\" \/><span dir=\"ltr\" role=\"presentation\">Using a massage gun alleviates stress on the massage<\/span><\/span><span id=\"page941R_mcid2441\" class=\"markedContent\"><br role=\"presentation\" \/><span dir=\"ltr\" role=\"presentation\">therapist\u2019s body, especially when clients ask you to go deeper.<\/span><\/span><span id=\"page941R_mcid2442\" class=\"markedContent\"><br role=\"presentation\" \/><span dir=\"ltr\" role=\"presentation\">\u201cI\u2019ve been a therapist for nearly 20 years and this is a good<\/span><\/span><span id=\"page941R_mcid2443\" class=\"markedContent\"><br role=\"presentation\" \/><span dir=\"ltr\" role=\"presentation\">way to save your hands if you have some very dense tension<\/span><\/span><span id=\"page941R_mcid2444\" class=\"markedContent\"><br role=\"presentation\" \/><span dir=\"ltr\" role=\"presentation\">going on,\u201d . \u201cIt\u2019s a great way to save the stress on<\/span><\/span><span id=\"page941R_mcid2445\" class=\"markedContent\"><br role=\"presentation\" \/><span dir=\"ltr\" role=\"presentation\">your own body.\u201d The massage therapist can choose where,<\/span><\/span><span id=\"page941R_mcid2446\" class=\"markedContent\"><br role=\"presentation\" \/><span dir=\"ltr\" role=\"presentation\">and for how long, to use the massage gun. \u201cThere are multiple<\/span><\/span><span id=\"page941R_mcid2447\" class=\"markedContent\"><br role=\"presentation\" \/><span dir=\"ltr\" role=\"presentation\">attachments and speeds to allow full control,\u201d <\/span><\/span><span id=\"page941R_mcid2448\" class=\"markedContent\"><br role=\"presentation\" \/><span dir=\"ltr\" role=\"presentation\">\u201cThe gun can get on one area in 10 minutes versus 30 minutes<\/span><\/span><span id=\"page941R_mcid2449\" class=\"markedContent\"><br role=\"presentation\" \/><span dir=\"ltr\" role=\"presentation\">of therapy.\u201d The Massage Device<\/span><\/span><span id=\"page941R_mcid2450\" class=\"markedContent\"><br role=\"presentation\" \/><span dir=\"ltr\" role=\"presentation\">features a light, compact design\u2014helpful for the<\/span><\/span><span id=\"page941R_mcid2451\" class=\"markedContent\"><br role=\"presentation\" \/><span dir=\"ltr\" role=\"presentation\">onsite or mobile massage therapist. <\/span><\/span><span id=\"page941R_mcid2454\" class=\"markedContent\"><span dir=\"ltr\" role=\"presentation\">. \u201cBeing<\/span><\/span><span id=\"page941R_mcid2455\" class=\"markedContent\"><br role=\"presentation\" \/><span dir=\"ltr\" role=\"presentation\">a massage therapist is very physically demanding. By simply<\/span><\/span><span id=\"page941R_mcid2456\" class=\"markedContent\"><br role=\"presentation\" \/><span dir=\"ltr\" role=\"presentation\">incorporating percussive therapy throughout my massages, I<\/span><\/span><span id=\"page941R_mcid2457\" class=\"markedContent\"><br role=\"presentation\" \/><span dir=\"ltr\" role=\"presentation\">have had the opportunity to work in this field for much longer\u2014<\/span><\/span><span id=\"page941R_mcid2458\" class=\"markedContent\"><br role=\"presentation\" \/><span dir=\"ltr\" role=\"presentation\">and it allows me to be more effective for my clients.<br \/>\n<\/span><\/span><\/p>\n","protected":false},"featured_media":1658,"comment_status":"open","ping_status":"closed","template":"","meta":{"advanced_seo_description":"","jetpack_seo_html_title":"","jetpack_seo_noindex":false,"iawp_total_views":153,"jetpack_publicize_message":"","jetpack_publicize_feature_enabled":true,"jetpack_social_post_already_shared":true,"jetpack_social_options":{"image_generator_settings":{"template":"highway","default_image_id":0,"font":"","enabled":false},"version":2}},"product_brand":[],"product_cat":[101,92,136,115,138,154,116,155],"product_tag":[],"class_list":{"0":"post-1657","1":"product","2":"type-product","3":"status-publish","4":"has-post-thumbnail","6":"product_cat-aukahlutir","7":"product_cat-ferdanuddari-thradlaus","8":"product_cat-nuddbyssur","9":"product_cat-nyjar-vorur","10":"product_cat-rafmagnsnuddtaeki","11":"product_cat-smahlutir-fyrir-nudd","12":"product_cat-smavara","13":"product_cat-vorur-a-tilbodi","15":"first","16":"outofstock","17":"sale","18":"shipping-taxable","19":"purchasable","20":"product-type-simple"},"jetpack_publicize_connections":[],"jetpack_sharing_enabled":true,"jetpack_likes_enabled":true,"jetpack-related-posts":[],"_links":{"self":[{"href":"https:\/\/egat.is\/nuddvorur\/wp-json\/wp\/v2\/product\/1657","targetHints":{"allow":["GET"]}}],"collection":[{"href":"https:\/\/egat.is\/nuddvorur\/wp-json\/wp\/v2\/product"}],"about":[{"href":"https:\/\/egat.is\/nuddvorur\/wp-json\/wp\/v2\/types\/product"}],"replies":[{"embeddable":true,"href":"https:\/\/egat.is\/nuddvorur\/wp-json\/wp\/v2\/comments?post=1657"}],"wp:featuredmedia":[{"embeddable":true,"href":"https:\/\/egat.is\/nuddvorur\/wp-json\/wp\/v2\/media\/1658"}],"wp:attachment":[{"href":"https:\/\/egat.is\/nuddvorur\/wp-json\/wp\/v2\/media?parent=1657"}],"wp:term":[{"taxonomy":"product_brand","embeddable":true,"href":"https:\/\/egat.is\/nuddvorur\/wp-json\/wp\/v2\/product_brand?post=1657"},{"taxonomy":"product_cat","embeddable":true,"href":"https:\/\/egat.is\/nuddvorur\/wp-json\/wp\/v2\/product_cat?post=1657"},{"taxonomy":"product_tag","embeddable":true,"href":"https:\/\/egat.is\/nuddvorur\/wp-json\/wp\/v2\/product_tag?post=1657"}],"curies":[{"name":"wp","href":"https:\/\/api.w.org\/{rel}","templated":true}]}}