{"id":1576,"date":"2021-05-11T11:32:27","date_gmt":"2021-05-11T11:32:27","guid":{"rendered":"https:\/\/egat.is\/nuddvorur\/?post_type=product&#038;p=1576"},"modified":"2023-02-21T18:02:14","modified_gmt":"2023-02-21T18:02:14","slug":"head-and-neck-with-muscies-vessels-nerves-and-brain","status":"publish","type":"product","link":"https:\/\/egat.is\/nuddvorur\/product\/head-and-neck-with-muscies-vessels-nerves-and-brain\/","title":{"rendered":"Head and neck with muscies vessels nerves and brain"},"content":{"rendered":"","protected":false},"excerpt":{"rendered":"<p>Allar efri hluti \u00ed fullri st\u00e6r\u00f0, h\u00e6gt a\u00f0 taka v\u00f6\u00f0va af og sj\u00e1 allt \u00feetta d\u00e1samlega fyrir innan \ud83d\ude42<\/p>\n<div><span data-spm-anchor-id=\"a2700.details.0.i5.6ce96992hXXD5v\">1. Separated into 19 parts, such as:<\/span><\/div>\n<div>\n<div>\n<p><span data-spm-anchor-id=\"a2700.details.0.i6.6ce96992hXXD5v\">\u00a0 \u00a0Mimic muscular system with the deep-set muscles<\/span><\/p>\n<p>Left temporomaxillary articulation<\/p>\n<p>Sternocleidomastoid muscle<\/p>\n<p>Carotid trigone<\/p>\n<p>Trapezium muscle<\/p>\n<p>Pectoral major muscle<\/p>\n<p>Deltoid muscle<\/p>\n<p>Clavicle<\/p>\n<p>Eyes with muscled and nerves<\/p>\n<p>Cranium<\/p>\n<p>Brain with arteries<\/p>\n<p>2. 190 positions are displayed.<\/p>\n<\/div>\n<\/div>\n<p>Size:life size\u00a0 34*37*20.5cm<\/p>\n<p>Material: Advanced PVC and paint.<\/p>\n","protected":false},"featured_media":1577,"comment_status":"open","ping_status":"closed","template":"","meta":{"advanced_seo_description":"","jetpack_seo_html_title":"","jetpack_seo_noindex":false,"iawp_total_views":47,"jetpack_publicize_message":"","jetpack_publicize_feature_enabled":true,"jetpack_social_post_already_shared":true,"jetpack_social_options":{"image_generator_settings":{"template":"highway","default_image_id":0,"font":"","enabled":false},"version":2}},"product_brand":[],"product_cat":[133,134],"product_tag":[],"class_list":{"0":"post-1576","1":"product","2":"type-product","3":"status-publish","4":"has-post-thumbnail","6":"product_cat-beinagrindur","7":"product_cat-liffaeri-og-vodvar","9":"first","10":"instock","11":"sale","12":"shipping-taxable","13":"purchasable","14":"product-type-simple"},"jetpack_publicize_connections":[],"jetpack_sharing_enabled":true,"jetpack_likes_enabled":true,"jetpack-related-posts":[],"_links":{"self":[{"href":"https:\/\/egat.is\/nuddvorur\/wp-json\/wp\/v2\/product\/1576","targetHints":{"allow":["GET"]}}],"collection":[{"href":"https:\/\/egat.is\/nuddvorur\/wp-json\/wp\/v2\/product"}],"about":[{"href":"https:\/\/egat.is\/nuddvorur\/wp-json\/wp\/v2\/types\/product"}],"replies":[{"embeddable":true,"href":"https:\/\/egat.is\/nuddvorur\/wp-json\/wp\/v2\/comments?post=1576"}],"wp:featuredmedia":[{"embeddable":true,"href":"https:\/\/egat.is\/nuddvorur\/wp-json\/wp\/v2\/media\/1577"}],"wp:attachment":[{"href":"https:\/\/egat.is\/nuddvorur\/wp-json\/wp\/v2\/media?parent=1576"}],"wp:term":[{"taxonomy":"product_brand","embeddable":true,"href":"https:\/\/egat.is\/nuddvorur\/wp-json\/wp\/v2\/product_brand?post=1576"},{"taxonomy":"product_cat","embeddable":true,"href":"https:\/\/egat.is\/nuddvorur\/wp-json\/wp\/v2\/product_cat?post=1576"},{"taxonomy":"product_tag","embeddable":true,"href":"https:\/\/egat.is\/nuddvorur\/wp-json\/wp\/v2\/product_tag?post=1576"}],"curies":[{"name":"wp","href":"https:\/\/api.w.org\/{rel}","templated":true}]}}